{"id":15,"date":"2020-12-01T09:07:26","date_gmt":"2020-12-01T08:07:26","guid":{"rendered":"http:\/\/lecarre-architecture.com\/?page_id=15"},"modified":"2020-12-01T09:23:44","modified_gmt":"2020-12-01T08:23:44","slug":"realisations","status":"publish","type":"page","link":"https:\/\/lecarre-architecture.com\/index.php\/realisations\/","title":{"rendered":"R\u00e9alisations"},"content":{"rendered":"\n<p>Depuis Mars 2007, plus d&#8217;un milliers de logements con\u00e7u au travers de plus d&#8217;une centaines de projets alors cela prend du temps de vous proposer les plus significatifs &#8230; Bient\u00f4t vous pourrez voir une s\u00e9lection des projets les plus d\u00e9monstratifs de nos comp\u00e9tences.<\/p>\n","protected":false},"excerpt":{"rendered":"<p>Depuis Mars 2007, plus d&#8217;un milliers de logements con\u00e7u au travers de plus d&#8217;une centaines de projets alors cela prend du temps de vous proposer les plus significatifs &#8230; Bient\u00f4t vous pourrez voir une s\u00e9lection des projets les plus d\u00e9monstratifs de nos comp\u00e9tences.<\/p>\n","protected":false},"author":1,"featured_media":0,"parent":0,"menu_order":0,"comment_status":"closed","ping_status":"closed","template":"","meta":{"footnotes":""},"_links":{"self":[{"href":"https:\/\/lecarre-architecture.com\/index.php\/wp-json\/wp\/v2\/pages\/15"}],"collection":[{"href":"https:\/\/lecarre-architecture.com\/index.php\/wp-json\/wp\/v2\/pages"}],"about":[{"href":"https:\/\/lecarre-architecture.com\/index.php\/wp-json\/wp\/v2\/types\/page"}],"author":[{"embeddable":true,"href":"https:\/\/lecarre-architecture.com\/index.php\/wp-json\/wp\/v2\/users\/1"}],"replies":[{"embeddable":true,"href":"https:\/\/lecarre-architecture.com\/index.php\/wp-json\/wp\/v2\/comments?post=15"}],"version-history":[{"count":2,"href":"https:\/\/lecarre-architecture.com\/index.php\/wp-json\/wp\/v2\/pages\/15\/revisions"}],"predecessor-version":[{"id":34,"href":"https:\/\/lecarre-architecture.com\/index.php\/wp-json\/wp\/v2\/pages\/15\/revisions\/34"}],"wp:attachment":[{"href":"https:\/\/lecarre-architecture.com\/index.php\/wp-json\/wp\/v2\/media?parent=15"}],"curies":[{"name":"wp","href":"https:\/\/api.w.org\/{rel}","templated":true}]}}